{"id":66,"date":"2026-04-12T23:59:49","date_gmt":"2026-04-12T19:59:49","guid":{"rendered":"https:\/\/woodmebel.com\/?page_id=66"},"modified":"2026-04-13T01:25:58","modified_gmt":"2026-04-12T21:25:58","slug":"tv-stend","status":"publish","type":"page","link":"https:\/\/woodmebel.com\/?page_id=66","title":{"rendered":"TV STENDL\u018fR"},"content":{"rendered":"\n<figure class=\"wp-block-image size-large\"><img loading=\"lazy\" decoding=\"async\" width=\"998\" height=\"1024\" src=\"https:\/\/woodmebel.com\/wp-content\/uploads\/2026\/04\/WhatsApp-Image-2026-03-09-at-01.10.32dfg-998x1024.jpeg\" alt=\"\" class=\"wp-image-67\" srcset=\"https:\/\/woodmebel.com\/wp-content\/uploads\/2026\/04\/WhatsApp-Image-2026-03-09-at-01.10.32dfg-998x1024.jpeg 998w, https:\/\/woodmebel.com\/wp-content\/uploads\/2026\/04\/WhatsApp-Image-2026-03-09-at-01.10.32dfg-293x300.jpeg 293w, https:\/\/woodmebel.com\/wp-content\/uploads\/2026\/04\/WhatsApp-Image-2026-03-09-at-01.10.32dfg-768x788.jpeg 768w, https:\/\/woodmebel.com\/wp-content\/uploads\/2026\/04\/WhatsApp-Image-2026-03-09-at-01.10.32dfg.jpeg 1248w\" sizes=\"auto, (max-width: 998px) 100vw, 998px\" \/><\/figure>\n\n\n\n<p>ZAL evin istirah\u0259t etm\u0259k, xo\u015f s\u00f6hb\u0259tl\u0259r etm\u0259k, qonaqlar\u0131m\u0131z\u0131 qar\u015f\u0131lamaq \u00fc\u00e7\u00fcn istifad\u0259 edil\u0259n hiss\u0259sidir. TV stend is\u0259 bu ota\u011fa x\u00fcsusil\u0259 g\u00f6z\u0259llik verm\u0259lidir. Ona g\u00f6r\u0259 tvstend \u00e7ox g\u00f6z\u0259l v\u0259 z\u00f6vql\u0259 se\u00e7ilm\u0259li, g\u00f6zox\u015fayan olmal\u0131d\u0131r. Tv stend se\u00e7\u0259rk\u0259n g\u00f6r\u00fcn\u00fc\u015fl\u0259 b\u0259rab\u0259r funksionall\u0131\u011fada fikir verm\u0259k \u00e7ox vacibdir. Kabel v\u0259 dig\u0259r texniki avadanl\u0131qlar\u0131 gizl\u0259d\u0259 bil\u0259n stendl\u0259r h\u0259m estetik, h\u0259m d\u0259 praktik bir modell\u0259r ota\u011f\u0131n\u0131za s\u0259liq\u0259li v\u0259 m\u00fcasir g\u00f6r\u00fcn\u00fc\u015f ver\u0259c\u0259k. Qonaqlar g\u0259l\u0259nd\u0259 ilk diqq\u0259t \u00e7\u0259k\u0259n m\u0259hz bu tvstend olacaq. D\u00fczg\u00fcn se\u00e7ilmi\u015f mebel evin \u00fcmumi abuhavas\u0131n\u0131 d\u0259yi\u015f\u0259 bil\u0259r. Stend h\u0259m d\u0259 \u0259lav\u0259 saxlama yeri kimi istifad\u0259 olunur. Kitablar v\u0259 dekorativ \u0259\u015fyalar \u00fc\u00e7\u00fcn ideal yer\u0259 \u00e7evrilir. Stendin material\u0131n\u0131n keyfiyy\u0259tli olmas\u0131na da x\u00fcsusi diqq\u0259t etm\u0259k onun uzun\u00f6m\u00fcrl\u00fc olmas\u0131 dem\u0259kdir.<\/p>\n","protected":false},"excerpt":{"rendered":"<p>ZAL evin istirah\u0259t etm\u0259k, xo\u015f s\u00f6hb\u0259tl\u0259r etm\u0259k, qonaqlar\u0131m\u0131z\u0131 qar\u015f\u0131lamaq \u00fc\u00e7\u00fcn istifad\u0259 edil\u0259n hiss\u0259sidir. TV stend is\u0259 bu ota\u011fa x\u00fcsusil\u0259 g\u00f6z\u0259llik verm\u0259lidir. Ona g\u00f6r\u0259 tvstend \u00e7ox g\u00f6z\u0259l v\u0259 z\u00f6vql\u0259 se\u00e7ilm\u0259li, g\u00f6zox\u015fayan olmal\u0131d\u0131r. Tv stend se\u00e7\u0259rk\u0259n g\u00f6r\u00fcn\u00fc\u015fl\u0259 b\u0259rab\u0259r funksionall\u0131\u011fada fikir verm\u0259k \u00e7ox vacibdir. Kabel v\u0259 dig\u0259r texniki avadanl\u0131qlar\u0131 gizl\u0259d\u0259 bil\u0259n stendl\u0259r h\u0259m estetik, h\u0259m d\u0259 praktik bir [&hellip;]<\/p>\n","protected":false},"author":1,"featured_media":0,"parent":0,"menu_order":0,"comment_status":"closed","ping_status":"closed","template":"","meta":{"footnotes":""},"class_list":["post-66","page","type-page","status-publish","hentry"],"yoast_head":"<!-- This site is optimized with the Yoast SEO plugin v27.3 - https:\/\/yoast.com\/product\/yoast-seo-wordpress\/ -->\n<title>TV STENDL\u018fR - Woodmebel.com<\/title>\n<meta name=\"description\" content=\"ZAL evin istirah\u0259t etm\u0259k, xo\u015f s\u00f6hb\u0259tl\u0259r etm\u0259k \u00fc\u00e7\u00fcn istifad\u0259 edil\u0259n hiss\u0259sidir. TV stend is\u0259 bu ota\u011fa x\u00fcsusil\u0259 g\u00f6z\u0259llik verm\u0259lidir.\" \/>\n<meta name=\"robots\" content=\"index, follow, max-snippet:-1, max-image-preview:large, max-video-preview:-1\" \/>\n<link rel=\"canonical\" href=\"https:\/\/woodmebel.com\/?page_id=66\" \/>\n<meta property=\"og:locale\" content=\"tr_TR\" \/>\n<meta property=\"og:type\" content=\"article\" \/>\n<meta property=\"og:title\" content=\"TV STENDL\u018fR - Woodmebel.com\" \/>\n<meta property=\"og:description\" content=\"ZAL evin istirah\u0259t etm\u0259k, xo\u015f s\u00f6hb\u0259tl\u0259r etm\u0259k \u00fc\u00e7\u00fcn istifad\u0259 edil\u0259n hiss\u0259sidir. TV stend is\u0259 bu ota\u011fa x\u00fcsusil\u0259 g\u00f6z\u0259llik verm\u0259lidir.\" \/>\n<meta property=\"og:url\" content=\"https:\/\/woodmebel.com\/?page_id=66\" \/>\n<meta property=\"og:site_name\" content=\"Woodmebel.com\" \/>\n<meta property=\"article:modified_time\" content=\"2026-04-12T21:25:58+00:00\" \/>\n<meta property=\"og:image\" content=\"https:\/\/woodmebel.com\/wp-content\/uploads\/2026\/04\/WhatsApp-Image-2026-03-09-at-01.10.32dfg.jpeg\" \/>\n\t<meta property=\"og:image:width\" content=\"1248\" \/>\n\t<meta property=\"og:image:height\" content=\"1280\" \/>\n\t<meta property=\"og:image:type\" content=\"image\/jpeg\" \/>\n<meta name=\"twitter:card\" content=\"summary_large_image\" \/>\n<meta name=\"twitter:label1\" content=\"Tahmini okuma s\u00fcresi\" \/>\n\t<meta name=\"twitter:data1\" content=\"1 dakika\" \/>\n<script type=\"application\/ld+json\" class=\"yoast-schema-graph\">{\"@context\":\"https:\\\/\\\/schema.org\",\"@graph\":[{\"@type\":\"WebPage\",\"@id\":\"https:\\\/\\\/woodmebel.com\\\/?page_id=66\",\"url\":\"https:\\\/\\\/woodmebel.com\\\/?page_id=66\",\"name\":\"TV STENDL\u018fR - Woodmebel.com\",\"isPartOf\":{\"@id\":\"https:\\\/\\\/woodmebel.com\\\/#website\"},\"primaryImageOfPage\":{\"@id\":\"https:\\\/\\\/woodmebel.com\\\/?page_id=66#primaryimage\"},\"image\":{\"@id\":\"https:\\\/\\\/woodmebel.com\\\/?page_id=66#primaryimage\"},\"thumbnailUrl\":\"https:\\\/\\\/woodmebel.com\\\/wp-content\\\/uploads\\\/2026\\\/04\\\/WhatsApp-Image-2026-03-09-at-01.10.32dfg-998x1024.jpeg\",\"datePublished\":\"2026-04-12T19:59:49+00:00\",\"dateModified\":\"2026-04-12T21:25:58+00:00\",\"description\":\"ZAL evin istirah\u0259t etm\u0259k, xo\u015f s\u00f6hb\u0259tl\u0259r etm\u0259k \u00fc\u00e7\u00fcn istifad\u0259 edil\u0259n hiss\u0259sidir. TV stend is\u0259 bu ota\u011fa x\u00fcsusil\u0259 g\u00f6z\u0259llik verm\u0259lidir.\",\"breadcrumb\":{\"@id\":\"https:\\\/\\\/woodmebel.com\\\/?page_id=66#breadcrumb\"},\"inLanguage\":\"tr\",\"potentialAction\":[{\"@type\":\"ReadAction\",\"target\":[\"https:\\\/\\\/woodmebel.com\\\/?page_id=66\"]}]},{\"@type\":\"ImageObject\",\"inLanguage\":\"tr\",\"@id\":\"https:\\\/\\\/woodmebel.com\\\/?page_id=66#primaryimage\",\"url\":\"https:\\\/\\\/woodmebel.com\\\/wp-content\\\/uploads\\\/2026\\\/04\\\/WhatsApp-Image-2026-03-09-at-01.10.32dfg.jpeg\",\"contentUrl\":\"https:\\\/\\\/woodmebel.com\\\/wp-content\\\/uploads\\\/2026\\\/04\\\/WhatsApp-Image-2026-03-09-at-01.10.32dfg.jpeg\",\"width\":1248,\"height\":1280},{\"@type\":\"BreadcrumbList\",\"@id\":\"https:\\\/\\\/woodmebel.com\\\/?page_id=66#breadcrumb\",\"itemListElement\":[{\"@type\":\"ListItem\",\"position\":1,\"name\":\"Anasayfa\",\"item\":\"https:\\\/\\\/woodmebel.com\\\/\"},{\"@type\":\"ListItem\",\"position\":2,\"name\":\"TV STENDL\u018fR\"}]},{\"@type\":\"WebSite\",\"@id\":\"https:\\\/\\\/woodmebel.com\\\/#website\",\"url\":\"https:\\\/\\\/woodmebel.com\\\/\",\"name\":\"Woodmebel.com\",\"description\":\"H\u018fR EV\u018f X\u00dcSUS\u0130 TOXUNU\u015e\",\"publisher\":{\"@id\":\"https:\\\/\\\/woodmebel.com\\\/#organization\"},\"potentialAction\":[{\"@type\":\"SearchAction\",\"target\":{\"@type\":\"EntryPoint\",\"urlTemplate\":\"https:\\\/\\\/woodmebel.com\\\/?s={search_term_string}\"},\"query-input\":{\"@type\":\"PropertyValueSpecification\",\"valueRequired\":true,\"valueName\":\"search_term_string\"}}],\"inLanguage\":\"tr\"},{\"@type\":\"Organization\",\"@id\":\"https:\\\/\\\/woodmebel.com\\\/#organization\",\"name\":\"Woodmebel.com\",\"url\":\"https:\\\/\\\/woodmebel.com\\\/\",\"logo\":{\"@type\":\"ImageObject\",\"inLanguage\":\"tr\",\"@id\":\"https:\\\/\\\/woodmebel.com\\\/#\\\/schema\\\/logo\\\/image\\\/\",\"url\":\"https:\\\/\\\/woodmebel.com\\\/wp-content\\\/uploads\\\/2026\\\/04\\\/W-1-e1775677591581.png\",\"contentUrl\":\"https:\\\/\\\/woodmebel.com\\\/wp-content\\\/uploads\\\/2026\\\/04\\\/W-1-e1775677591581.png\",\"width\":1200,\"height\":1200,\"caption\":\"Woodmebel.com\"},\"image\":{\"@id\":\"https:\\\/\\\/woodmebel.com\\\/#\\\/schema\\\/logo\\\/image\\\/\"}}]}<\/script>\n<!-- \/ Yoast SEO plugin. -->","yoast_head_json":{"title":"TV STENDL\u018fR - Woodmebel.com","description":"ZAL evin istirah\u0259t etm\u0259k, xo\u015f s\u00f6hb\u0259tl\u0259r etm\u0259k \u00fc\u00e7\u00fcn istifad\u0259 edil\u0259n hiss\u0259sidir. TV stend is\u0259 bu ota\u011fa x\u00fcsusil\u0259 g\u00f6z\u0259llik verm\u0259lidir.","robots":{"index":"index","follow":"follow","max-snippet":"max-snippet:-1","max-image-preview":"max-image-preview:large","max-video-preview":"max-video-preview:-1"},"canonical":"https:\/\/woodmebel.com\/?page_id=66","og_locale":"tr_TR","og_type":"article","og_title":"TV STENDL\u018fR - Woodmebel.com","og_description":"ZAL evin istirah\u0259t etm\u0259k, xo\u015f s\u00f6hb\u0259tl\u0259r etm\u0259k \u00fc\u00e7\u00fcn istifad\u0259 edil\u0259n hiss\u0259sidir. TV stend is\u0259 bu ota\u011fa x\u00fcsusil\u0259 g\u00f6z\u0259llik verm\u0259lidir.","og_url":"https:\/\/woodmebel.com\/?page_id=66","og_site_name":"Woodmebel.com","article_modified_time":"2026-04-12T21:25:58+00:00","og_image":[{"width":1248,"height":1280,"url":"https:\/\/woodmebel.com\/wp-content\/uploads\/2026\/04\/WhatsApp-Image-2026-03-09-at-01.10.32dfg.jpeg","type":"image\/jpeg"}],"twitter_card":"summary_large_image","twitter_misc":{"Tahmini okuma s\u00fcresi":"1 dakika"},"schema":{"@context":"https:\/\/schema.org","@graph":[{"@type":"WebPage","@id":"https:\/\/woodmebel.com\/?page_id=66","url":"https:\/\/woodmebel.com\/?page_id=66","name":"TV STENDL\u018fR - Woodmebel.com","isPartOf":{"@id":"https:\/\/woodmebel.com\/#website"},"primaryImageOfPage":{"@id":"https:\/\/woodmebel.com\/?page_id=66#primaryimage"},"image":{"@id":"https:\/\/woodmebel.com\/?page_id=66#primaryimage"},"thumbnailUrl":"https:\/\/woodmebel.com\/wp-content\/uploads\/2026\/04\/WhatsApp-Image-2026-03-09-at-01.10.32dfg-998x1024.jpeg","datePublished":"2026-04-12T19:59:49+00:00","dateModified":"2026-04-12T21:25:58+00:00","description":"ZAL evin istirah\u0259t etm\u0259k, xo\u015f s\u00f6hb\u0259tl\u0259r etm\u0259k \u00fc\u00e7\u00fcn istifad\u0259 edil\u0259n hiss\u0259sidir. TV stend is\u0259 bu ota\u011fa x\u00fcsusil\u0259 g\u00f6z\u0259llik verm\u0259lidir.","breadcrumb":{"@id":"https:\/\/woodmebel.com\/?page_id=66#breadcrumb"},"inLanguage":"tr","potentialAction":[{"@type":"ReadAction","target":["https:\/\/woodmebel.com\/?page_id=66"]}]},{"@type":"ImageObject","inLanguage":"tr","@id":"https:\/\/woodmebel.com\/?page_id=66#primaryimage","url":"https:\/\/woodmebel.com\/wp-content\/uploads\/2026\/04\/WhatsApp-Image-2026-03-09-at-01.10.32dfg.jpeg","contentUrl":"https:\/\/woodmebel.com\/wp-content\/uploads\/2026\/04\/WhatsApp-Image-2026-03-09-at-01.10.32dfg.jpeg","width":1248,"height":1280},{"@type":"BreadcrumbList","@id":"https:\/\/woodmebel.com\/?page_id=66#breadcrumb","itemListElement":[{"@type":"ListItem","position":1,"name":"Anasayfa","item":"https:\/\/woodmebel.com\/"},{"@type":"ListItem","position":2,"name":"TV STENDL\u018fR"}]},{"@type":"WebSite","@id":"https:\/\/woodmebel.com\/#website","url":"https:\/\/woodmebel.com\/","name":"Woodmebel.com","description":"H\u018fR EV\u018f X\u00dcSUS\u0130 TOXUNU\u015e","publisher":{"@id":"https:\/\/woodmebel.com\/#organization"},"potentialAction":[{"@type":"SearchAction","target":{"@type":"EntryPoint","urlTemplate":"https:\/\/woodmebel.com\/?s={search_term_string}"},"query-input":{"@type":"PropertyValueSpecification","valueRequired":true,"valueName":"search_term_string"}}],"inLanguage":"tr"},{"@type":"Organization","@id":"https:\/\/woodmebel.com\/#organization","name":"Woodmebel.com","url":"https:\/\/woodmebel.com\/","logo":{"@type":"ImageObject","inLanguage":"tr","@id":"https:\/\/woodmebel.com\/#\/schema\/logo\/image\/","url":"https:\/\/woodmebel.com\/wp-content\/uploads\/2026\/04\/W-1-e1775677591581.png","contentUrl":"https:\/\/woodmebel.com\/wp-content\/uploads\/2026\/04\/W-1-e1775677591581.png","width":1200,"height":1200,"caption":"Woodmebel.com"},"image":{"@id":"https:\/\/woodmebel.com\/#\/schema\/logo\/image\/"}}]}},"_links":{"self":[{"href":"https:\/\/woodmebel.com\/index.php?rest_route=\/wp\/v2\/pages\/66","targetHints":{"allow":["GET"]}}],"collection":[{"href":"https:\/\/woodmebel.com\/index.php?rest_route=\/wp\/v2\/pages"}],"about":[{"href":"https:\/\/woodmebel.com\/index.php?rest_route=\/wp\/v2\/types\/page"}],"author":[{"embeddable":true,"href":"https:\/\/woodmebel.com\/index.php?rest_route=\/wp\/v2\/users\/1"}],"replies":[{"embeddable":true,"href":"https:\/\/woodmebel.com\/index.php?rest_route=%2Fwp%2Fv2%2Fcomments&post=66"}],"version-history":[{"count":1,"href":"https:\/\/woodmebel.com\/index.php?rest_route=\/wp\/v2\/pages\/66\/revisions"}],"predecessor-version":[{"id":68,"href":"https:\/\/woodmebel.com\/index.php?rest_route=\/wp\/v2\/pages\/66\/revisions\/68"}],"wp:attachment":[{"href":"https:\/\/woodmebel.com\/index.php?rest_route=%2Fwp%2Fv2%2Fmedia&parent=66"}],"curies":[{"name":"wp","href":"https:\/\/api.w.org\/{rel}","templated":true}]}}